{"id":93,"date":"2021-10-02T05:20:46","date_gmt":"2021-10-02T05:20:46","guid":{"rendered":"http:\/\/box2071.temp.domains\/~femmesd4\/?post_type=product&#038;p=93"},"modified":"2022-12-15T20:40:31","modified_gmt":"2022-12-15T20:40:31","slug":"femmes-de-parole-voix-visibles-no1-canada-pdf","status":"publish","type":"product","link":"https:\/\/femmesdeparole.org\/?product=femmes-de-parole-voix-visibles-no1-canada-pdf","title":{"rendered":"Femmes de Parole \u2013 Voix visibles N\u00ba1 INTERNATIONAL PDF"},"content":{"rendered":"<p><strong>Achat de num\u00e9ro(s) individuels de Femmes de parole en format num\u00e9rique<\/strong><\/p>\n<p>Le paiement sera effectu\u00e9 en ligne et vous recevrez un lien de t\u00e9l\u00e9chargement par courriel<\/p>\n","protected":false},"excerpt":{"rendered":"<p>Achat de num\u00e9ro(s) individuels de Femmes de parole en format num\u00e9rique Le paiement sera effectu\u00e9 en ligne et vous recevrez un lien de t\u00e9l\u00e9chargement par courriel<\/p>\n","protected":false},"featured_media":69,"template":"","meta":{"site-sidebar-layout":"default","site-content-layout":"default","ast-site-content-layout":"default","site-content-style":"default","site-sidebar-style":"default","ast-global-header-display":"","ast-banner-title-visibility":"","ast-main-header-display":"","ast-hfb-above-header-display":"","ast-hfb-below-header-display":"","ast-hfb-mobile-header-display":"","site-post-title":"","ast-breadcrumbs-content":"","ast-featured-img":"","footer-sml-layout":"","ast-disable-related-posts":"","theme-transparent-header-meta":"default","adv-header-id-meta":"","stick-header-meta":"","header-above-stick-meta":"","header-main-stick-meta":"","header-below-stick-meta":"","astra-migrate-meta-layouts":"default","ast-page-background-enabled":"default","ast-page-background-meta":{"desktop":{"background-color":"var(--ast-global-color-4)","background-image":"","background-repeat":"repeat","background-position":"center center","background-size":"auto","background-attachment":"scroll","background-type":"","background-media":"","overlay-type":"","overlay-color":"","overlay-opacity":"","overlay-gradient":""},"tablet":{"background-color":"","background-image":"","background-repeat":"repeat","background-position":"center center","background-size":"auto","background-attachment":"scroll","background-type":"","background-media":"","overlay-type":"","overlay-color":"","overlay-opacity":"","overlay-gradient":""},"mobile":{"background-color":"","background-image":"","background-repeat":"repeat","background-position":"center center","background-size":"auto","background-attachment":"scroll","background-type":"","background-media":"","overlay-type":"","overlay-color":"","overlay-opacity":"","overlay-gradient":""}},"ast-content-background-meta":{"desktop":{"background-color":"var(--ast-global-color-5)","background-image":"","background-repeat":"repeat","background-position":"center center","background-size":"auto","background-attachment":"scroll","background-type":"","background-media":"","overlay-type":"","overlay-color":"","overlay-opacity":"","overlay-gradient":""},"tablet":{"background-color":"var(--ast-global-color-5)","background-image":"","background-repeat":"repeat","background-position":"center center","background-size":"auto","background-attachment":"scroll","background-type":"","background-media":"","overlay-type":"","overlay-color":"","overlay-opacity":"","overlay-gradient":""},"mobile":{"background-color":"var(--ast-global-color-5)","background-image":"","background-repeat":"repeat","background-position":"center center","background-size":"auto","background-attachment":"scroll","background-type":"","background-media":"","overlay-type":"","overlay-color":"","overlay-opacity":"","overlay-gradient":""}}},"product_brand":[],"product_cat":[20],"product_tag":[],"class_list":{"0":"post-93","1":"product","2":"type-product","3":"status-publish","4":"has-post-thumbnail","6":"product_cat-internacional","7":"desktop-align-left","8":"tablet-align-left","9":"mobile-align-left","11":"first","12":"instock","13":"downloadable","14":"shipping-taxable","15":"purchasable","16":"product-type-simple"},"yoast_head":"<!-- This site is optimized with the Yoast SEO plugin v27.5 - https:\/\/yoast.com\/product\/yoast-seo-wordpress\/ -->\n<title>Femmes de Parole \u2013 Voix visibles N\u00ba1 INTERNATIONAL PDF - femmes de parole<\/title>\n<meta name=\"robots\" content=\"index, follow, max-snippet:-1, max-image-preview:large, max-video-preview:-1\" \/>\n<link rel=\"canonical\" href=\"https:\/\/femmesdeparole.org\/?product=femmes-de-parole-voix-visibles-no1-canada-pdf\" \/>\n<meta property=\"og:locale\" content=\"fr_CA\" \/>\n<meta property=\"og:type\" content=\"article\" \/>\n<meta property=\"og:title\" content=\"Femmes de Parole \u2013 Voix visibles N\u00ba1 INTERNATIONAL PDF - femmes de parole\" \/>\n<meta property=\"og:description\" content=\"Achat de num\u00e9ro(s) individuels de Femmes de parole en format num\u00e9rique Le paiement sera effectu\u00e9 en ligne et vous recevrez un lien de t\u00e9l\u00e9chargement par courriel\" \/>\n<meta property=\"og:url\" content=\"https:\/\/femmesdeparole.org\/?product=femmes-de-parole-voix-visibles-no1-canada-pdf\" \/>\n<meta property=\"og:site_name\" content=\"femmes de parole\" \/>\n<meta property=\"article:modified_time\" content=\"2022-12-15T20:40:31+00:00\" \/>\n<meta property=\"og:image\" content=\"https:\/\/femmesdeparole.org\/wp-content\/uploads\/2021\/10\/FDP1-COUVERTURE.png\" \/>\n\t<meta property=\"og:image:width\" content=\"1048\" \/>\n\t<meta property=\"og:image:height\" content=\"1584\" \/>\n\t<meta property=\"og:image:type\" content=\"image\/png\" \/>\n<meta name=\"twitter:card\" content=\"summary_large_image\" \/>\n<script type=\"application\/ld+json\" class=\"yoast-schema-graph\">{\"@context\":\"https:\\\/\\\/schema.org\",\"@graph\":[{\"@type\":\"WebPage\",\"@id\":\"https:\\\/\\\/femmesdeparole.org\\\/?product=femmes-de-parole-voix-visibles-no1-canada-pdf\",\"url\":\"https:\\\/\\\/femmesdeparole.org\\\/?product=femmes-de-parole-voix-visibles-no1-canada-pdf\",\"name\":\"Femmes de Parole \u2013 Voix visibles N\u00ba1 INTERNATIONAL PDF - femmes de parole\",\"isPartOf\":{\"@id\":\"https:\\\/\\\/femmesdeparole.org\\\/#website\"},\"primaryImageOfPage\":{\"@id\":\"https:\\\/\\\/femmesdeparole.org\\\/?product=femmes-de-parole-voix-visibles-no1-canada-pdf#primaryimage\"},\"image\":{\"@id\":\"https:\\\/\\\/femmesdeparole.org\\\/?product=femmes-de-parole-voix-visibles-no1-canada-pdf#primaryimage\"},\"thumbnailUrl\":\"https:\\\/\\\/femmesdeparole.org\\\/wp-content\\\/uploads\\\/2021\\\/10\\\/FDP1-COUVERTURE.png\",\"datePublished\":\"2021-10-02T05:20:46+00:00\",\"dateModified\":\"2022-12-15T20:40:31+00:00\",\"breadcrumb\":{\"@id\":\"https:\\\/\\\/femmesdeparole.org\\\/?product=femmes-de-parole-voix-visibles-no1-canada-pdf#breadcrumb\"},\"inLanguage\":\"fr-CA\",\"potentialAction\":[{\"@type\":\"ReadAction\",\"target\":[\"https:\\\/\\\/femmesdeparole.org\\\/?product=femmes-de-parole-voix-visibles-no1-canada-pdf\"]}]},{\"@type\":\"ImageObject\",\"inLanguage\":\"fr-CA\",\"@id\":\"https:\\\/\\\/femmesdeparole.org\\\/?product=femmes-de-parole-voix-visibles-no1-canada-pdf#primaryimage\",\"url\":\"https:\\\/\\\/femmesdeparole.org\\\/wp-content\\\/uploads\\\/2021\\\/10\\\/FDP1-COUVERTURE.png\",\"contentUrl\":\"https:\\\/\\\/femmesdeparole.org\\\/wp-content\\\/uploads\\\/2021\\\/10\\\/FDP1-COUVERTURE.png\",\"width\":1048,\"height\":1584},{\"@type\":\"BreadcrumbList\",\"@id\":\"https:\\\/\\\/femmesdeparole.org\\\/?product=femmes-de-parole-voix-visibles-no1-canada-pdf#breadcrumb\",\"itemListElement\":[{\"@type\":\"ListItem\",\"position\":1,\"name\":\"Home\",\"item\":\"https:\\\/\\\/femmesdeparole.org\\\/\"},{\"@type\":\"ListItem\",\"position\":2,\"name\":\"ABONNEMENTS ET ACHATS\",\"item\":\"https:\\\/\\\/femmesdeparole.org\\\/?page_id=46\"},{\"@type\":\"ListItem\",\"position\":3,\"name\":\"Femmes de Parole \u2013 Voix visibles N\u00ba1 INTERNATIONAL PDF\"}]},{\"@type\":\"WebSite\",\"@id\":\"https:\\\/\\\/femmesdeparole.org\\\/#website\",\"url\":\"https:\\\/\\\/femmesdeparole.org\\\/\",\"name\":\"femmes de parole\",\"description\":\"revue de po\u00e9sie\",\"publisher\":{\"@id\":\"https:\\\/\\\/femmesdeparole.org\\\/#organization\"},\"potentialAction\":[{\"@type\":\"SearchAction\",\"target\":{\"@type\":\"EntryPoint\",\"urlTemplate\":\"https:\\\/\\\/femmesdeparole.org\\\/?s={search_term_string}\"},\"query-input\":{\"@type\":\"PropertyValueSpecification\",\"valueRequired\":true,\"valueName\":\"search_term_string\"}}],\"inLanguage\":\"fr-CA\"},{\"@type\":\"Organization\",\"@id\":\"https:\\\/\\\/femmesdeparole.org\\\/#organization\",\"name\":\"femmes de parole\",\"url\":\"https:\\\/\\\/femmesdeparole.org\\\/\",\"logo\":{\"@type\":\"ImageObject\",\"inLanguage\":\"fr-CA\",\"@id\":\"https:\\\/\\\/femmesdeparole.org\\\/#\\\/schema\\\/logo\\\/image\\\/\",\"url\":\"https:\\\/\\\/femmesdeparole.org\\\/wp-content\\\/uploads\\\/2021\\\/09\\\/cropped-cropped-Logo_Fdp_noir-1-1.png\",\"contentUrl\":\"https:\\\/\\\/femmesdeparole.org\\\/wp-content\\\/uploads\\\/2021\\\/09\\\/cropped-cropped-Logo_Fdp_noir-1-1.png\",\"width\":512,\"height\":463,\"caption\":\"femmes de parole\"},\"image\":{\"@id\":\"https:\\\/\\\/femmesdeparole.org\\\/#\\\/schema\\\/logo\\\/image\\\/\"}}]}<\/script>\n<!-- \/ Yoast SEO plugin. -->","yoast_head_json":{"title":"Femmes de Parole \u2013 Voix visibles N\u00ba1 INTERNATIONAL PDF - femmes de parole","robots":{"index":"index","follow":"follow","max-snippet":"max-snippet:-1","max-image-preview":"max-image-preview:large","max-video-preview":"max-video-preview:-1"},"canonical":"https:\/\/femmesdeparole.org\/?product=femmes-de-parole-voix-visibles-no1-canada-pdf","og_locale":"fr_CA","og_type":"article","og_title":"Femmes de Parole \u2013 Voix visibles N\u00ba1 INTERNATIONAL PDF - femmes de parole","og_description":"Achat de num\u00e9ro(s) individuels de Femmes de parole en format num\u00e9rique Le paiement sera effectu\u00e9 en ligne et vous recevrez un lien de t\u00e9l\u00e9chargement par courriel","og_url":"https:\/\/femmesdeparole.org\/?product=femmes-de-parole-voix-visibles-no1-canada-pdf","og_site_name":"femmes de parole","article_modified_time":"2022-12-15T20:40:31+00:00","og_image":[{"width":1048,"height":1584,"url":"https:\/\/femmesdeparole.org\/wp-content\/uploads\/2021\/10\/FDP1-COUVERTURE.png","type":"image\/png"}],"twitter_card":"summary_large_image","schema":{"@context":"https:\/\/schema.org","@graph":[{"@type":"WebPage","@id":"https:\/\/femmesdeparole.org\/?product=femmes-de-parole-voix-visibles-no1-canada-pdf","url":"https:\/\/femmesdeparole.org\/?product=femmes-de-parole-voix-visibles-no1-canada-pdf","name":"Femmes de Parole \u2013 Voix visibles N\u00ba1 INTERNATIONAL PDF - femmes de parole","isPartOf":{"@id":"https:\/\/femmesdeparole.org\/#website"},"primaryImageOfPage":{"@id":"https:\/\/femmesdeparole.org\/?product=femmes-de-parole-voix-visibles-no1-canada-pdf#primaryimage"},"image":{"@id":"https:\/\/femmesdeparole.org\/?product=femmes-de-parole-voix-visibles-no1-canada-pdf#primaryimage"},"thumbnailUrl":"https:\/\/femmesdeparole.org\/wp-content\/uploads\/2021\/10\/FDP1-COUVERTURE.png","datePublished":"2021-10-02T05:20:46+00:00","dateModified":"2022-12-15T20:40:31+00:00","breadcrumb":{"@id":"https:\/\/femmesdeparole.org\/?product=femmes-de-parole-voix-visibles-no1-canada-pdf#breadcrumb"},"inLanguage":"fr-CA","potentialAction":[{"@type":"ReadAction","target":["https:\/\/femmesdeparole.org\/?product=femmes-de-parole-voix-visibles-no1-canada-pdf"]}]},{"@type":"ImageObject","inLanguage":"fr-CA","@id":"https:\/\/femmesdeparole.org\/?product=femmes-de-parole-voix-visibles-no1-canada-pdf#primaryimage","url":"https:\/\/femmesdeparole.org\/wp-content\/uploads\/2021\/10\/FDP1-COUVERTURE.png","contentUrl":"https:\/\/femmesdeparole.org\/wp-content\/uploads\/2021\/10\/FDP1-COUVERTURE.png","width":1048,"height":1584},{"@type":"BreadcrumbList","@id":"https:\/\/femmesdeparole.org\/?product=femmes-de-parole-voix-visibles-no1-canada-pdf#breadcrumb","itemListElement":[{"@type":"ListItem","position":1,"name":"Home","item":"https:\/\/femmesdeparole.org\/"},{"@type":"ListItem","position":2,"name":"ABONNEMENTS ET ACHATS","item":"https:\/\/femmesdeparole.org\/?page_id=46"},{"@type":"ListItem","position":3,"name":"Femmes de Parole \u2013 Voix visibles N\u00ba1 INTERNATIONAL PDF"}]},{"@type":"WebSite","@id":"https:\/\/femmesdeparole.org\/#website","url":"https:\/\/femmesdeparole.org\/","name":"femmes de parole","description":"revue de po\u00e9sie","publisher":{"@id":"https:\/\/femmesdeparole.org\/#organization"},"potentialAction":[{"@type":"SearchAction","target":{"@type":"EntryPoint","urlTemplate":"https:\/\/femmesdeparole.org\/?s={search_term_string}"},"query-input":{"@type":"PropertyValueSpecification","valueRequired":true,"valueName":"search_term_string"}}],"inLanguage":"fr-CA"},{"@type":"Organization","@id":"https:\/\/femmesdeparole.org\/#organization","name":"femmes de parole","url":"https:\/\/femmesdeparole.org\/","logo":{"@type":"ImageObject","inLanguage":"fr-CA","@id":"https:\/\/femmesdeparole.org\/#\/schema\/logo\/image\/","url":"https:\/\/femmesdeparole.org\/wp-content\/uploads\/2021\/09\/cropped-cropped-Logo_Fdp_noir-1-1.png","contentUrl":"https:\/\/femmesdeparole.org\/wp-content\/uploads\/2021\/09\/cropped-cropped-Logo_Fdp_noir-1-1.png","width":512,"height":463,"caption":"femmes de parole"},"image":{"@id":"https:\/\/femmesdeparole.org\/#\/schema\/logo\/image\/"}}]}},"_links":{"self":[{"href":"https:\/\/femmesdeparole.org\/index.php?rest_route=\/wp\/v2\/product\/93","targetHints":{"allow":["GET"]}}],"collection":[{"href":"https:\/\/femmesdeparole.org\/index.php?rest_route=\/wp\/v2\/product"}],"about":[{"href":"https:\/\/femmesdeparole.org\/index.php?rest_route=\/wp\/v2\/types\/product"}],"wp:featuredmedia":[{"embeddable":true,"href":"https:\/\/femmesdeparole.org\/index.php?rest_route=\/wp\/v2\/media\/69"}],"wp:attachment":[{"href":"https:\/\/femmesdeparole.org\/index.php?rest_route=%2Fwp%2Fv2%2Fmedia&parent=93"}],"wp:term":[{"taxonomy":"product_brand","embeddable":true,"href":"https:\/\/femmesdeparole.org\/index.php?rest_route=%2Fwp%2Fv2%2Fproduct_brand&post=93"},{"taxonomy":"product_cat","embeddable":true,"href":"https:\/\/femmesdeparole.org\/index.php?rest_route=%2Fwp%2Fv2%2Fproduct_cat&post=93"},{"taxonomy":"product_tag","embeddable":true,"href":"https:\/\/femmesdeparole.org\/index.php?rest_route=%2Fwp%2Fv2%2Fproduct_tag&post=93"}],"curies":[{"name":"wp","href":"https:\/\/api.w.org\/{rel}","templated":true}]}}